ulate s(-6).
-8
Let l(c) = -c - 6. Let q(g) = -g**2 + 9*g + 12. Let m be q(9). Let n = m + -12. Let h be n/(4*(-2)/(-4)). Give l(h).
-6
Let w(f) be the first derivative of -3*f**2/2 + 3*f + 222. Give w(8).
-21
Let y = 2 + -8. Let q(l) = l**2 + 8 - l - 2*l + 10*l. Determine q(y).
2
Let n(h) = -8*h - 1 + 11*h - 5*h. Let k = 220 - 214. Give n(k).
-13
Let j(g) = 12 + 75*g - 32*g - 42*g. Give j(-7).
5
Let l(y) be the third derivative of 0*y - 5*y**2 + 5/2*y**3 + 1/24*y**4 + 0 - 1/60*y**5. Let w be 8/(-24) - (-2)/6. Give l(w).
15
Suppose 0 = -3*d + 21 + 3. Let k(c) be the third derivative of c**4/12 - 2*c**3 + 2070*c**2. What is k(d)?
4
Suppose -6*x + 1 + 17 = 0. Let u(l) = -6 + l - x + 10 + 3. Calculate u(3).
7
Let k(p) = 17*p**2 - 3*p - 1. Let h(i) = -47*i**2 + 8*i + 3. Let a(v) = -4*h(v) - 11*k(v). Calculate a(-4).
11
Suppose -2*o = -3*a - 6*o + 25, -5*a + 4*o - 1 = 0. Let u(t) = t**3 + 2 + 4*t**3 - 4*t**a + t**2 - t. Determine u(-2).
0
Suppose 11*d = 7*d + 32. Let u(w) = -2*w**2 - 4 + 8*w**2 + w - 7*w**2 + 8*w. Let k be u(d). Let j(i) = -i**3 + 5*i**2 - 7*i + 4. Give j(k).
-8
Let h(c) = -20*c + 3. Let m(o) = 189*o - 56. Let v(u) = 38*u - 11. Let b(n) = -4*m(n) + 21*v(n). Let g(s) = -2*b(s) - 5*h(s). Calculate g(-1).
-17
Let a(i) be the second derivative of -i**5/20 + 7*i**4/12 - 5*i**2/2 - 8*i + 42. Determine a(5).
45
Let k(i) = 0*i - 15*i + 5*i - 17 + 11*i. What is k(15)?
-2
Let r(n) = -3*n - 4. Let w be (4/6)/(14/21)*11. Let y(k) = 6*k + 7. Let x(d) = w*r(d) + 6*y(d). Let m be 4/6*-3*1. Calculate x(m).
-8
Let n(r) = -2*r - r + 2*r - 5. Let c = 5 + -3. Let i = -2 - c. Calculate n(i).
-1
Let x(a) = 13423*a + 1 + 0 - 2 - 13424*a. Suppose -3*f - 7 = -4*f - 5*z, -3*f + 2*z = 13. What is x(f)?
2
Let q(c) be the first derivative of c**4/2 - 2*c**3/3 - c**2/2 + 6*c + 485. Calculate q(0).
6
Let m(l) = l**2 + 10*l + 4. Let c = 176 - 186. Determine m(c).
4
Let f(m) = m - 3. Let j(w) = -w**2 + 30*w + 92. Let z be j(33). Calculate f(z).
-10
Let g(a) = -a**2 - 4*a - 3. Suppose 0 = -0*q - 4*q. Let x = q - -2. Suppose 8 + 8 = -4*t, x*t = 2*c. What is g(c)?
-3
Suppose 2069 = 2*t + 2059. Let l(z) = -z**2 + 6*z + 4. Determine l(t).
9
Suppose 3*y - 2*f + 5 = 0, -y + 5*y + 4*f + 20 = 0. Let x(l) be the second derivative of -l**5/10 - l**4/3 - l**3/3 - 221*l. Give x(y).
24
Let r(u) be the first derivative of 1/4*u**4 - 45 - 6*u + 3*u**2 - 2*u**3. What is r(4)?
-14
Let g(j) be the first derivative of -31 - 2*j**3 + 0*j**2 + 1/4*j**4 + 7*j. Let x be (-3 - -2)*1*-5. Give g(x).
-18
Let f = -16 - -41. Suppose -s = 4*s - f. Suppose 5*k + s*v + 1 = -4, 0 = k + 2*v + 3. Let t(p) = 8*p**2 - p. Determine t(k).
7
Let l(n) = n**3 + 8*n**2 + 12. Let f(w) = w**2 + w - 1. Let y(o) = 3*f(o) - l(o). Calculate y(-6).
3
Let a(m) = 2*m**3 - 33*m**2 + 16*m - 8. Let p be a(16). Let j(f) = -6*f**2 + 40*f - 15. Let h(k) = k**2 - 8*k + 3. Let o(v) = -11*h(v) - 2*j(v). Determine o(p).
-3
Let l(w) = -6643*w**2 + 19*w**3 + 15 - 20*w**3 + 11*w + 6639*w**2. Calculate l(-6).
21
Let x(l) be the first derivative of 2*l + 2*l**2 + 3 + 4 + 7 + 0. Determine x(-3).
-10
Let i(h) = 5*h**2 - 2*h - 2. Let r(g) = -g - 1. Let k(m) = i(m) - 2*r(m). Suppose -6*p = -15*p. Suppose -5*v - 42 + 37 = p. Determine k(v).
5
Let h(b) be the second derivative of -b**5/20 - b**4/4 + b**3/2 - b**2 - 214*b. What is h(-5)?
33
Let n(w) = -w**3 - 4*w**2 - 6*w - 5. Suppose -16*f - 2*f = 72. What is n(f)?
19
Let b(x) = 3*x**3 - 10*x**2 - 6*x + 10. Let i(u) = 7*u**3 - 13*u**2 - 8*u**2 + 0*u**2 - 5*u + 21 - 8*u. Let l(w) = -9*b(w) + 4*i(w). Calculate l(-5).
9
Let j(a) = a**2 - a + 2. Suppose 5*l + 2*v - 32 = -13, 3*l - 4*v = 1. Give j(l).
8
Let o(s) = -s + 5. Suppose -4*t + 144 = 4*t. Suppose -5 - 12 = 2*d + 5*a, t = 2*d - 2*a. Give o(d).
1
Let u(n) be the first derivative of -1/3*n**3 + n + 1 + 3/2*n**2 - 1/4*n**4. Let h be (-1 + 3)/(-5 + 3)*2. What is u(h)?
-1
Suppose -m - 4*r + 4 + 1 = 0, -4*r - 10 = -2*m. Let t(u) = u - m - 1 - 7 - 4. Calculate t(9).
-8
Let i(d) = -d**2 - 10*d + 16. Let j(o) = -o**2 - 10*o + 17. Let k(t) = -3*i(t) + 4*j(t). Let v(g) be the first derivative of k(g). Determine v(-7).
4
Let y(h) = h**2 - 3*h + 1. Let t be y(4). Let d be 0 + (16/4 - 3). Let p(g) = 4*g**2 - g**3 - d - 3 - 176*g + 182*g + 0. Give p(t).
1
Let q(t) = t + 1. Let r(i) = 3*i + 3. Let d be r(5). Suppose -2*l = -g - 7, -3*g = -g - 5*l + d. Let x(u) = 8*u + 2. Let w(v) = g*x(v) - 2*q(v). Calculate w(1).
6
Let w(u) be the second derivative of -u**3/2 + u**2 + u. Let l be (-2)/3*(-3)/(-2). Let g be (-14 - -12) + 1 + l. What is w(g)?
8
Let j(v) be the first derivative of v**3/6 - 2*v**2 - 18*v + 13. Let t(i) be the first derivative of j(i). Suppose -13 = -5*n + 7. Determine t(n).
0
Let q(c) = 3*c + 3. Let w be q(-3). Let t(j) = j**2 + 22*j + 42. Let d be t(-20). Let i(s) = 1 + 12*s - 2*s**d + s**2 - 18*s. Give i(w).
1
Let x(n) = 22*n - 19. Let v(q) = 15*q - 14. Let f(c) = -7*v(c) + 5*x(c). Calculate f(5).
28
Let h(f) = -f - 9*f + 0*f**2 + 7*f - f**3 - 12*f**2 + 10*f**2. Determine h(-3).
18
Let z(y) = 16*y - 10. Suppose -2*a + 0*a + 28 = 0. Let s(w) = 5*w - 3. Let x(h) = a*s(h) - 4*z(h). Let r = -3 - -5. Calculate x(r).
10
Let w(k) = 7*k - 1. Let f be ((11 - 5) + -8)*1*-1. Let y(j) = -3*j. Let b(o) = f*w(o) + 5*y(o). Give b(-6).
4
Let n(z) = -5*z**2 + 46*z - 7. Let w be n(9). Let h(v) = -v**3 + v**2 + 2*v - 3. Calculate h(w).
-3
Let y(u) = -11*u**2 + 26*u + 37. Let n(g) = -5*g**2 + 13*g + 18. Let j(b) = -9*n(b) + 4*y(b). What is j(14)?
0
Let u(z) = 2*z**3 + 91*z**2 - 2 - 155*z**2 + 65*z**2. Let v be 3/(((-9)/2)/3). What is u(v)?
-14
Let u(t) be the second derivative of -t**4/12 - 5*t**3/6 + 3*t**2/2 - 65*t + 1. Calculate u(-7).
-11
Let y(d) be the second derivative of 5*d**2 + 0 - 1/12*d**4 - d + 4/3*d**3. Calculate y(7).
17
Let i(p) = -16 + 7*p**2 - 14 + 41 - 8*p**2 - 5*p. What is i(-7)?
-3
Let l(q) = 10*q - 1. Let d = 148 + -147. Give l(d).
9
Let z(f) be the first derivative of 5 - 4*f**2 - 1/6*f**3 + f. Let j(x) be the first derivative of z(x). Give j(-6).
-2
Let u(o) be the second derivative of -19*o**5/20 + o**4/6 + o**3/6 + 46*o - 3. What is u(-1)?
20
Let m(a) = a - 5. Let k = 266 - 258. Give m(k).
3
Let a = 792 - 792. Let r(j) = j**2 + j + 1. Let m(y) = 3*y**2 + y - 11. Let k(h) = m(h) - 2*r(h). What is k(a)?
-13
Let n(g) = -5*g + 6. Suppose -4 = -4*c + 12. Let a be 2 + (0 - (c + -6)). Let u be 6 + (-2)/4*a. What is n(u)?
-14
Let n = 36 - 79. Let l = 38 + n. Let h(s) = -s**3 + 5*s - 6*s**2 + s**2 + s**2. Calculate h(l).
0
Let y(s) = 18*s + 1105*s**2 - 4 - 22*s - 1104*s**2. Give y(5).
1
Let u(s) = -s**3 + 19*s + 10 + s**2 - 11 - 19*s. Let p(i) = 2*i**3 - 3*i**2 - i + 14. Let r(a) = -p(a) - 3*u(a). Calculate r(0).
-11
Let a(r) = -9*r**2 - 4*r - 4. Suppose -2*v = -v + 4. Let o be a(v). Let c be (o/(-55))/(2/5). Let z(q) = q**3 - 6*q**2 - q + 6. Calculate z(c).
0
Let m(v) be the first derivative of -v**2 + 49*v + 673. Determine m(26).
-3
Let v(t) = -t + 1. Let r(j) = -60*j + 40. Let b(i) = -r(i) + 40*v(i). What is b(-1)?
-20
Suppose 0 = 2*k - y + 25, -3*k - 3*y - 42 = 18. Let f = k - -17. Let o(z) = -z**2 + 3*z - 5 - f*z + 8. Calculate o(0).
3
Let c(i) = 14*i + 5. Let d be c(0). Let f(b) = -b**2. Let k(u) = -u**3 + 10*u**2 - 5*u - 6. Let o(q) = 4*f(q) + k(q). Calculate o(d).
-6
Let n = -7 + 2. Let g(w) = -3*w**2 - 20 + w**3 + 7*w**2 + 19 - 7*w. Give g(n).
9
Let t be 7 - 21/7 - 4. Let z(l) be the second derivative of t*l**4 + 1/2*l**2 + 0 - 3/5*l**5 - 1/6*l**3 - 5*l. What is z(1)?
-12
Let c be ((-3)/6)/((51/(-42))/17). Let s(v) = -v + 16. Determine s(c).
9
Let z(o) = -3*o**3 - 6*o**2 - 13*o - 7. Let w(a) = -8*a**3 - 19*a**2 - 38*a - 22. Let f(t) = -4*w(t) + 11*z(t). Give f(11).
-11
Let b(c) = -10*c + 2. Suppose 11 = 2*p + 7. What is b(p)?
-18
Let b(h) = -4*h - 1. Suppose 0 = -8*o - 9*o + 17. Give b(o).
-5
Let x(o) = o**2 - 5*o - 1. Let n(t) = -t**3 - 12*t**2 + 18*t - 3. Let i be n(-14). Let l = i - 133. Determine x(l).
-5
Suppose -3*y + 123 = 3*z, 4*y = 2*z - 150 + 38. Let f(l) = -z*l + 2 + 100*l - 53*l. What is f(3)?
5
Let r(l) = -2*l + 10. Let f(x) = -x + 12. Let z be f(7). Let g be z + -8 + 10 + 0. Calculate r(g).
-4
Let w(k) be the first derivative of 8/3*k**3 + 1/4*k**4 + 4*k + 20 + 4*k**2. Give w(-7).
-3
Let d be 1 - 1109/9 - (-8